h?
2
Let q be 0 + 11 - (3 - 2). Let x be 1236/20 + 2/q. Let b = x + -36. What is the tens digit of b?
2
Let o(u) = -208*u + 645. What is the units digit of o(-12)?
1
Let v = 12 - 14. Let u be (v + -3)*816/(-20). Suppose k = -5*o + u, -6*o + 3*k = -o - 188. What is the tens digit of o?
4
Let o = -206 + 571. What is the hundreds digit of o?
3
Suppose -5*z - 2 + 342 = 0. Suppose 0 = 5*t - 102 - z. What is the units digit of t?
4
Let n(r) = -r**2 - 4. Let f be n(-6). What is the tens digit of ((-54)/4)/((-2 + 6)/f)?
3
Let y = -60 + 478. What is the units digit of y?
8
Suppose 0 = 2*q - 3496 + 1302. What is the tens digit of q?
9
Suppose 6*l + 2813 = 4*f + 5*l, l + 5 = 0. What is the hundreds digit of f?
7
Suppose n - 6 = 3. Suppose n = -o + 6*p - 2*p, -5*o - 4*p + 27 = 0. What is the tens digit of -1 + o/1 - -52?
5
Let y(q) = 6*q + 11. Let s(v) = 2*v + 4. Let n(g) = -8*s(g) + 3*y(g). Let w be n(-4). Let j(b) = -b**3 - 6*b**2 + 3*b - 7. What is the tens digit of j(w)?
2
Suppose 3*f - f = 2*a - 4, -2 = a - 2*f. What is the tens digit of 1089/(-6)*(-4)/a?
2
Suppose -2 = -2*z + 4. Suppose 49 = z*y - 17. Let k = 37 - y. What is the tens digit of k?
1
Suppose c = 5*c - 16. Suppose 5*a = -0*a + 10. Suppose a*x + 5*t = -0*x + 34, c*x - 4*t - 68 = 0. What is the tens digit of x?
1
Let v(c) = 2*c + 6. Let b be v(-4). Let h = 90 - b. What is the tens digit of h?
9
Let f = -6 + 1. Let i = f - -29. What is the tens digit of i?
2
Let h be (-3)/(-2)*(0 + 2). Suppose h*k + 3*k - 456 = 0. What is the units digit of k?
6
Suppose -7*q - 2 = -37. Let s(y) = -y**3 + 5*y**2 + 3*y - 1. Let x be s(6). What is the units digit of 5/25 - x/q?
4
Let a(j) = j**3 - 12*j**2 - 4*j + 62. What is the hundreds digit of a(14)?
3
Let o = 0 + 3. Suppose o*d + 88 - 496 = 0. What is the tens digit of d?
3
Let x = 1165 + -668. Suppose -4*z - x = -11*z. What is the tens digit of z?
7
Let j be 9 + (-1 + 2 - 3). Let t(y) = y**3 - 6*y**2 + 5*y + 14. What is the tens digit of t(j)?
9
What is the tens digit of 2/(-4) + -6 + (-723)/(-2)?
5
Let w(h) = 5*h + 63. What is the hundreds digit of w(14)?
1
Let m = 8 - 3. Suppose l - m = 34. Suppose 5*j = -5*c + 110, 2*j + c - l = 1. What is the units digit of j?
8
What is the hundreds digit of 413 - ((-52)/(-78) - 10/(-3))?
4
Let f(x) = -x**2 - 3*x - 3. Let o be f(3). Let b = 17 + o. What is the tens digit of (980/(-40))/(2/b)?
4
Let h(l) be the second derivative of -l**5/20 - 5*l**4/12 + 7*l**3/6 + 13*l**2/2 + 8*l. What is the units digit of h(-6)?
7
Suppose -w = 0, -2*w + 4*w = -5*d + 185. What is the units digit of d?
7
Let y be 4*((-279)/(-12))/(-3). Let o(n) = 10*n**3 - n**2 - 2*n + 1. Let h be o(-2). Let v = y - h. What is the units digit of v?
8
Let y be (11 + 6)*4/2. Suppose -137 = -5*w + o - 25, -2*w - 5*o = -y. Suppose 5*q = 3*q + w. What is the tens digit of q?
1
Suppose 7*x - 2*l - 16 = 3*x, -5*x + 30 = -5*l. Suppose x*t - 6 + 34 = 0. What is the units digit of (-80)/t + 6/21?
6
Let h(s) = s**2 - 32*s - 47. What is the units digit of h(-17)?
6
Let h(a) = a + 1. Let d be h(3). Let v(j) = -j**2 + 5*j - 2. Let b be v(d). What is the units digit of (78/65)/(b/5)?
3
Suppose 5*x = 3*r - 214, -r + 4*x + 47 = -36. Let m = r - 21. Suppose b + 2*b = m. What is the units digit of b?
4
Suppose 4*s - 5*p - 25 - 7 = 0, -4*s = 3*p - 64. Let b be s - (-2 - -5 - 0). Suppose j - b - 10 = 0. What is the units digit of j?
0
Let j(h) = -h**2 - 8*h - 12. Let q be j(-4). Let f = 8 - q. Suppose -5*i = 5*u - 6*i - 304, -f*i + 65 = u. What is the units digit of u?
1
Suppose 0 = -30*r + 11593 + 121937. What is the thousands digit of r?
4
Suppose 4*p = i - p + 79, -382 = 4*i + 2*p. Let m = 157 + i. What is the tens digit of m?
6
What is the hundreds digit of 3*(6 - (-2485)/15)?
5
Suppose 2*q = -4*v - 0*q + 6, v + 3 = q. Let a(g) = -g**2 - 12*g - 3. Let y be a(-10). Let p = y - v. What is the tens digit of p?
1
Suppose -5*j + 9 = -3*v - 1, -4*j + 3*v = -5. Suppose -5*b - l + 20 = l, 0 = -j*b - 3*l + 15. What is the units digit of b?
6
Suppose 15*q = 16*q - 1669. What is the tens digit of q?
6
Let g(l) = 3*l - 6. Suppose -5*a + 4*c = -11, -3*a - 4*c + 7*c + 6 = 0. Let q be g(a). What is the tens digit of (q/(-6))/((-1)/28)?
1
Suppose -4*u + 98 + 582 = 0. Let z = u + -39. What is the tens digit of z?
3
Let v be -43*(9/(-3) + -1). Let c be (v/20)/((-1)/(-5)). Suppose 5*i - 2*b = 4 + 31, -c = -2*i - 5*b. What is the units digit of i?
9
Suppose 14*d = 4705 - 1177. What is the units digit of d?
2
Let h = 152 - 110. What is the units digit of h?
2
Suppose 9*h - 14*h + 3760 = 0. What is the units digit of h?
2
Suppose -31 = f - z - 112, 0 = 5*f + 5*z - 455. Let u = f - 9. What is the units digit of u?
7
Let a(s) = -9*s**3 - s**2 + 2*s - 2. Suppose 0 = -19*x + 22*x - 3. Let u be a(x). What is the units digit of (-1 - -21) + (-7 - u)?
3
Let j be (-1)/((-10)/46) - (-2)/5. Suppose 0 = 4*v + f - 201, -3*v + 156 = f + j. What is the units digit of v?
0
Suppose -5*d = -0*d - 65. Let k = 11 - d. What is the tens digit of k + (2 + -1)*23?
2
Suppose -2*f + 3 = -4*k + 17, -4*k + 8 = -4*f. Suppose -c + 5*p = 4, c + 0*p - 4 = -f*p. What is the tens digit of (1/c)/((-5)/(-85))?
1
Suppose -4 = -x - 0. Let g(m) = m**3 - 3*m**2 - 4*m + 4. Let c be g(x). What is the units digit of 11/(14/c - 3)?
2
Let o(g) = g**2 - 13*g - 10. Let a be o(14). What is the units digit of a - (2 - (-100)/(-4))?
7
Suppose -1073 = -31*i + 849. What is the tens digit of i?
6
What is the hundreds digit of (-478012)/(-124) - 2/(-31)?
8
Let j(u) = u - 1. Let i be j(5). Suppose 3*b = i*b. Suppose b = -n - 4*m, -5*m - 39 - 13 = -2*n. What is the units digit of n?
6
Suppose -3*a + 6 = -0. Let z(u) = u**2 + 1. Let f be z(a). Suppose -f*h + 17 = -38. What is the tens digit of h?
1
What is the hundreds digit of 4/14 - (-75747)/98*4?
0
Let l be (2/(-6))/(9/(-243)). Let h = l + 0. Suppose -6*d = -h*d + 3. What is the units digit of d?
1
Suppose 1654 - 444 = 2*z. What is the hundreds digit of z?
6
Let z be 20/((-25)/(-5))*1. What is the tens digit of 128 - ((-8 - z/(-1)) + 8)?
2
Suppose -4*o - 5*p + 56 = 183, 18 = -o - 4*p. Let r = o + 120. What is the tens digit of r?
8
Let x be 22*(-2 - 11/(-2)). Let y(a) = 24*a + 7. Let p be y(6). Suppose -6*d + x = -p. What is the units digit of d?
8
Let a(w) = w**2 - 22 + 2*w**2 + 16 + 11*w. What is the hundreds digit of a(5)?
1
Suppose -5*v + 25 = -25. Let z = -24 + 14. What is the tens digit of 4/z - (-124)/v?
1
What is the tens digit of (-91)/(-39) - ((-3272)/3 + 4)?
8
Let w = -352 + 157. Let u = -90 - w. What is the tens digit of u?
0
Suppose -8*c + 40788 = 3*c. What is the tens digit of c?
0
Suppose -2*w = -3*c + 2925, c + 5*w = 335 + 623. What is the units digit of c?
3
Suppose 5 = 3*o + 2. Let c(q) = 20*q. Let x be c(o). Suppose -8*p + 3*p - x = 5*d, -5*d + 5*p = -30. What is the units digit of d?
1
Let u(v) = 202*v + 100. What is the hundreds digit of u(6)?
3
Let h(t) = 13*t**2 + 4*t**3 - 5*t**3 + 0*t**3 + 20 + t. What is the units digit of h(6)?
8
Let i be 10*((-8)/5)/(-4). Suppose 0*u = u - 34. Let c = u - i. What is the units digit of c?
0
Let b(t) = t**3 - 6*t**2 + t - 6. Let c be b(6). Let i be 1*(2 + 0 - c). Suppose 7 = i*w + 3. What is the units digit of w?
2
Let o(r) = -r + r**2 + 0*r - 4*r + 14 - 23. Let m = 23 - 15. What is the tens digit of o(m)?
1
What is the tens digit of (2 + (-8)/6)*(-664326)/(-156)?
3
Let c = 121 + -108. Suppose c*y - 840 - 1656 = 0. What is the hundreds digit of y?
1
Let a = -42 + 42. Suppose a = -4*f - 4*w + 418 - 78, 337 = 4*f + w. What is the units digit of f?
4
Let h = 19 - 15. Let o be (-6)/h*128/(-6). What is the tens digit of (o/(-24))/((-4)/78)?
2
Let n be (-6)/((-3 + 2)/(-1)). Let f(t) = -t**2 + 8*t - 1. Let l be f(n). Let q = l + 119. What is the units digit of q?
4
Let z(w) = w + 10. Let o be z(-8). Suppose -o*y + 0*y = -8. Let k = 14 - y. What is the units digit of k?
0
Suppose -5*j = -15, 23 = -7*s + 8*s - 2*j. What is the units digit of s?
9
Let v(l) be the second derivative of 0 + 4*l - 3/2*l**2 - 1/6*l**4 - 5/6*l**3 - 1/20*l**5. What is the tens digit of v(-3)?
2
Suppose 3*d - 3191 = 5*p, 4*p = d + 5*p - 1053. What is the tens digit of d?
5
Suppose 0 = 5*z + 45 + 30. What is the tens digit of (104/(-3))/(5/z*1)?
0
Let c(q) = -3*q